ghest common divisor of w and 16?
16
Let k be (-13)/(2*(-1)/6). Suppose -n = 11 - 69. Let r = -32 + n. What is the greatest common divisor of r and k?
13
Let w be 0 - 0/((-1)/(-1)). Suppose w = -3*f + 153 - 39. Suppose 0 = -3*u, -4*u = -2*t - t + 285. What is the highest common factor of t and f?
19
Suppose 2*n + 632 = -3*g, -4*n - 1244 = 5*g - 4*g. Let c = -189 - n. Calculate the greatest common divisor of 11 and c.
11
Let u = -15 - -10. Let w(f) = -f**2 - 9*f. Let r be w(u). What is the greatest common divisor of r and 180?
20
Let k(s) = s**3 + 12*s**2 + 11*s. Let r be k(-8). What is the greatest common factor of r and 28?
28
Suppose 3*f - f - 7 = -5*u, 3*u + 5*f = 8. Suppose -2*a - 2 = 0, 2*a - 6*a = -5*d + 14. What is the highest common factor of u and d?
1
Let w be (-2)/(-9) + 8/(-36). Suppose w*h - 21 = -h. Suppose 2*l - 17 = h. What is the greatest common factor of l and 95?
19
Suppose -w - 4 = -12. Let o be (-14)/(-3) - w/12. Suppose 2*j = -3*a + 19, -3*j = o*a + 14 - 42. Calculate the highest common factor of 88 and j.
8
Suppose 10 = 6*x - x. Calculate the greatest common divisor of x and 3.
1
Let l be ((-45)/(-60))/((-2)/(-98 + 2)). Suppose 0 = w - 48 - 4. Let u = w - l. Calculate the highest common divisor of u and 2.
2
Let v(n) = n. Let d(i) = -7*i - 2. Let b(r) = -d(r) - 6*v(r). Let f be b(0). Suppose -6*m = -8*m + 28. What is the highest common divisor of f and m?
2
Suppose 5*i - 220 = 410. Suppose 4*t - b = -2 - 2, -t + 14 = -4*b. Let z be t/(-4) - (-81)/6. Calculate the highest common factor of i and z.
14
Let t(n) = -n**2 + 16*n - 27. Let r be t(13). What is the highest common divisor of 12 and r?
12
Suppose 113 + 7 = 2*n. Let y = 10 + -5. Suppose -y*k + n = 5*f, f - 5 - 7 = -4*k. Calculate the highest common factor of f and 30.
6
Let l(j) = -2*j**2 - j + 2. Let q be l(-2). Let t(h) = h**2 + h + 5. Let r be t(q). What is the highest common factor of r and 119?
17
Let s = 21 + -20. Let x = s + 6. What is the greatest common factor of 7 and x?
7
Suppose 2*z - 353 = -89. Let s(l) = l + 1. Let m(f) = f**2 + 5*f - 4. Let x(w) = -m(w) - 2*s(w). Let b be x(-5). What is the highest common divisor of z and b?
12
Suppose 1 = -2*n - 2*n - c, 5 = -c. Let r(v) = 2*v - 9. Let a be r(7). Let f = a + -4. Calculate the highest common factor of n and f.
1
Suppose 52 = 6*a - 2*a. Calculate the highest common factor of 39 and a.
13
Let t(v) = -v**3 - 6*v**2 + 9*v + 4. Let z be t(-7). Let u be 4/z - (-4)/10. Let f be 4/((-4)/(-30) + u). Calculate the greatest common factor of f and 45.
15
Let p be 14/21 + (-25)/(-3). Suppose -125 = 4*i - p*i. What is the greatest common factor of i and 25?
25
Suppose -4*g = -5*n - 41, 5*n + 17 = 3*g + 4*n. Suppose 3*f + 6 = -3*i - 9, 3*i = -2*f - 11. Let c = i - -5. What is the greatest common factor of g and c?
4
Suppose 3*a + 7*j = 4*j + 33, -60 = -5*a - 4*j. Suppose 10*n - 2*n - 128 = 0. Calculate the highest common divisor of a and n.
16
Let o be ((-9)/(-6))/(7/672). Let q = -24 + 40. Calculate the highest common divisor of o and q.
16
Suppose -5*n + 4*n = 67. Let x = 199 + n. What is the highest common factor of 12 and x?
12
Suppose -5 - 30 = -7*i. What is the highest common divisor of i and 5?
5
Suppose 0*t = 4*t - 60. Suppose -5*f + 339 = 39. What is the greatest common divisor of f and t?
15
Let q be (-8 - (-252)/35)/((-1)/125). What is the highest common factor of q and 60?
20
Let a(g) = -g + 8. Let h be a(6). Suppose 144 = w + h*w. What is the highest common factor of w and 32?
16
Let l be (0 - -11)*4/1. Suppose 0 = 2*f - 10, -3*f + 0*f - 18 = -3*v. Calculate the greatest common divisor of l and v.
11
Suppose z = 6*z - 40. Calculate the greatest common factor of z and 88.
8
Suppose 0 = 4*x - 7*x + 51. What is the highest common factor of 136 and x?
17
Suppose 19*s - 17*s = 12. What is the highest common factor of 4 and s?
2
Suppose 3*a = -q - 16, -2*q - a = 3*q + 10. Let y = 2 + -2. Let x be y + q + 1*46. What is the highest common factor of x and 18?
9
Suppose 0 = 5*v - 4*v - 8. What is the greatest common divisor of v and 4?
4
Let a(j) = j + 84. Let x be a(0). Suppose -4*n = -5*n + x. Suppose -5*z + 60 = 5*f, 0 = 4*f + 3*z - 48 - 0. Calculate the highest common factor of f and n.
12
Suppose -6*h - 170 = -3*f - 2*h, -2*h = 2*f - 104. Let m = f - 30. Let i be 15*((-12)/(-5) + -2). Calculate the highest common divisor of i and m.
6
Let k(w) = 21*w**2 + w + 1. Let x be k(-2). Let l = 125 - x. Calculate the greatest common divisor of 6 and l.
6
Let m = -412 - -225. Let d be ((-554)/6)/((-2)/6). Let r = d + m. What is the highest common factor of 10 and r?
10
Suppose -5*j = 2*p - 4*p + 95, 4*j = -4*p + 204. Suppose 0 = -g + 3*g + 5*y - 45, y - 61 = -3*g. Calculate the highest common divisor of p and g.
10
Suppose 2*c = -c + 96. Suppose 2*u - c = -5*x, -u = -6*x + 4*x + 2. Calculate the greatest common divisor of 4 and u.
2
Suppose -j - 2 = 5*m - 0*m, -56 = -2*j + 5*m. Calculate the greatest common divisor of j and 27.
9
Let q = -3 + 11. What is the highest common factor of q and 16?
8
Suppose -6*y = -3 - 39. What is the greatest common divisor of 63 and y?
7
Let q = -33 + 49. Let j be 1 - 4 - 38/(-2). Calculate the highest common factor of j and q.
16
Suppose 0 = -m - 1, 0*u = u + 3*m + 2. Let f be 5*(-1 + 2)/u. What is the highest common divisor of f and 5?
5
Let b = 33 - 31. Let w be ((-5)/(-25))/(1/5). Calculate the greatest common factor of b and w.
1
Let x = 73 + -61. Let g be 8/3*(1 + 2). What is the highest common factor of x and g?
4
Let l = -10 - -18. Calculate the greatest common divisor of 12 and l.
4
Suppose 0 = 2*c - 6 - 10. Suppose j = -1, -5*w - j - 2*j + 37 = 0. What is the greatest common divisor of w and c?
8
Let d be 2/7 + 200/35. Let y = 12 - 9. Calculate the highest common divisor of d and y.
3
Let d = 42 - 15. Calculate the highest common divisor of d and 297.
27
Suppose -3*w + w + 4 = 0. Suppose -26 = -s - w. Calculate the highest common divisor of 16 and s.
8
Let j(y) = 164*y - 4. Let r be j(2). Calculate the greatest common factor of r and 36.
36
Suppose 0 = h - 0*h - 63. Let x be 90/12 - (-6)/4. What is the highest common divisor of x and h?
9
Let o(b) = 6*b**2 + 2*b - 2. Let h be o(2). Let d be (5 - 2) + (3 - 2). Let f be (39/(-6))/((-2)/d). Calculate the greatest common divisor of h and f.
13
Let k = -4 - -9. Suppose k*x = -4*i + 12, 0 = 3*i + x - 1 - 8. Let v = -23 - -25. Calculate the greatest common divisor of v and i.
1
Suppose -j = 2*k - 0*j - 40, -5*k - 5*j + 100 = 0. Let o be k/(-8)*(-5 + -1). What is the greatest common factor of o and 45?
15
Let u = -20 + 20. Suppose -n + u + 4 = 0. What is the greatest common factor of n and 32?
4
Suppose -2*v + 4 = 0, -2*p - p - 368 = 2*v. Let d = p - -83. Let s = -23 - d. Calculate the greatest common factor of 126 and s.
18
Let p be (1 - 0)/(43/21 + -2). What is the highest common divisor of 231 and p?
21
Let n be (-3)/(-4)*-2 - 435/(-58). What is the highest common divisor of n and 27?
3
Suppose 0 = 2*p, 0 = -i - p + 27 - 7. Let d = 8 + -4. Let g = 14 - d. What is the greatest common divisor of g and i?
10
Let p(v) = 17*v**2 - 2*v + 2. Let o be p(-4). Suppose 2*k - 224 = 2*q - 6*q, o = 5*q + 3*k. What is the highest common divisor of q and 18?
18
Let m = 22 + -2. Let b(x) = x**2 - 3*x. Let y be b(5). What is the highest common divisor of m and y?
10
Let c(p) = -p - 7. Let o be c(-9). Suppose -3*n - o*n + 10 = 0. What is the greatest common divisor of n and 4?
2
Let r(i) = -i - 6. Let p be r(-7). Let o be (36/15)/(p/5). Let v be 4/o + (-4)/(-6). Calculate the greatest common divisor of v and 2.
1
Let j = 9 + -7. Suppose t = -j*c - 2*c + 204, t = -c + 48. What is the greatest common factor of c and 13?
13
Let x = -122 - -176. What is the highest common factor of x and 135?
27
Suppose 0 = 5*f - 25, 5*a - f - 15 = a. What is the greatest common divisor of a and 35?
5
Suppose 5*i + g - 23 = 0, 3*i - 2*i + 2*g = 10. Suppose -h + 12 = -i. Calculate the greatest common divisor of 4 and h.
4
Let y be (4/8)/(1/144). Let n be (-29)/(-3) + (-12)/18. Calculate the highest common divisor of n and y.
9
Suppose 0 = -5*n + 2*n + 15. Suppose -3*v - 359 = -5*x, -n*v - 85 = 2*x - 3*x. Let d(j) = 3*j - 8. Let t be d(6). What is the highest common di